{"id":3138,"date":"2024-04-16T10:53:21","date_gmt":"2024-04-16T08:53:21","guid":{"rendered":"https:\/\/forum-mechaniczne.pl\/portal\/?page_id=3138"},"modified":"2025-06-11T12:58:12","modified_gmt":"2025-06-11T10:58:12","slug":"disclaimer","status":"publish","type":"page","link":"https:\/\/forum-mechaniczne.pl\/portal\/disclaimer\/","title":{"rendered":"Disclaimer"},"content":{"rendered":"\n<h2 class=\"wp-block-heading\">1. Ochrona materia\u0142\u00f3w autorskich<\/h2>\n\n\n\n<p>Wszystkie materia\u0142y zamieszczone na stronie, w tym bez ogranicze\u0144 obrazy, teksty, ikony, animacje i pliki audio, s\u0105 prawnie chronione na mocy przepis\u00f3w o prawie autorskim, kt\u00f3re przys\u0142uguj\u0105 administracji Forum-Mechanicznego lub ich licencjodawcom. Nieautoryzowane u\u017cycie tych zasob\u00f3w, w tym ich kopiowanie czy rozpowszechnianie, jest surowo zakazane i podlega sankcjom prawnym.<\/p>\n\n\n\n<h2 class=\"wp-block-heading\">2. Ochrona znak\u00f3w zarejestrowanych<\/h2>\n\n\n\n<p>Znaki handlowe i logotypy widoczne na stronie s\u0105 zastrze\u017conymi znakami Forum-Mechanicznego lub s\u0105 legalnie u\u017cywane na podstawie uzyskanej licencji. Ich u\u017cywanie bez odpowiedniej zgody jest naruszeniem prawa i mo\u017ce prowadzi\u0107 do post\u0119powa\u0144 s\u0105dowych.<\/p>\n\n\n\n<h2 class=\"wp-block-heading\">3. Rzetelno\u015b\u0107 publikowanych tre\u015bci<\/h2>\n\n\n\n<p>Forum-Mechaniczne dok\u0142ada wszelkich stara\u0144, aby materia\u0142y udost\u0119pniane na stronie by\u0142y aktualne i prawdziwe, ale nie gwarantuje ich absolutnej rzetelno\u015bci. Nie ponosimy odpowiedzialno\u015bci za decyzje podj\u0119te na podstawie tych informacji, je\u015bli nie wynik\u0142y one z naszego celowego dzia\u0142ania.<\/p>\n\n\n\n<h2 class=\"wp-block-heading\">4. Strony trzecie<\/h2>\n\n\n\n<p>Portal mo\u017ce zawiera\u0107 odno\u015bniki do stron internetowych zarz\u0105dzanych przez inne podmioty, kt\u00f3re s\u0105 poza kontrol\u0105 administracji. Nie ponosimy odpowiedzialno\u015bci za ich tre\u015bci. Przedstawienie takich link\u00f3w nie jest r\u00f3wnoznaczne z ich rekomendacj\u0105 przez Forum-Mechaniczne, a nasza administracja nie bierze odpowiedzialno\u015bci za ewentualne kontrowersje zwi\u0105zane z tymi stronami.<\/p>\n\n\n\n<p>Partnerem portalu mechanicznego jest <a href=\"https:\/\/depositphotos.com\/pl\/\" target=\"_blank\" rel=\"noreferrer noopener\">depositphotos.com<\/a><\/p>\n","protected":false},"excerpt":{"rendered":"<p>1. Ochrona materia\u0142\u00f3w autorskich Wszystkie materia\u0142y zamieszczone na stronie, w tym bez ogranicze\u0144 obrazy, teksty, ikony, animacje i pliki audio, s\u0105 prawnie chronione na mocy przepis\u00f3w o prawie autorskim, kt\u00f3re przys\u0142uguj\u0105 administracji Forum-Mechanicznego lub ich licencjodawcom. Nieautoryzowane u\u017cycie tych zasob\u00f3w, w tym ich kopiowanie czy rozpowszechnianie, jest surowo zakazane i podlega sankcjom prawnym. 2. Ochrona [&hellip;]<\/p>\n","protected":false},"author":6,"featured_media":0,"parent":0,"menu_order":0,"comment_status":"closed","ping_status":"closed","template":"","meta":{"footnotes":""},"class_list":["post-3138","page","type-page","status-publish","hentry"],"yoast_head":"<!-- This site is optimized with the Yoast SEO plugin v27.5 - https:\/\/yoast.com\/product\/yoast-seo-wordpress\/ -->\n<title>Disclaimer - Portal mechaniczny - samochody, nowo\u015bci, mechanika pojazdowa<\/title>\n<meta name=\"robots\" content=\"index, follow, max-snippet:-1, max-image-preview:large, max-video-preview:-1\" \/>\n<link rel=\"canonical\" href=\"https:\/\/forum-mechaniczne.pl\/portal\/disclaimer\/\" \/>\n<meta property=\"og:locale\" content=\"pl_PL\" \/>\n<meta property=\"og:type\" content=\"article\" \/>\n<meta property=\"og:title\" content=\"Disclaimer - Portal mechaniczny - samochody, nowo\u015bci, mechanika pojazdowa\" \/>\n<meta property=\"og:description\" content=\"1. Ochrona materia\u0142\u00f3w autorskich Wszystkie materia\u0142y zamieszczone na stronie, w tym bez ogranicze\u0144 obrazy, teksty, ikony, animacje i pliki audio, s\u0105 prawnie chronione na mocy przepis\u00f3w o prawie autorskim, kt\u00f3re przys\u0142uguj\u0105 administracji Forum-Mechanicznego lub ich licencjodawcom. Nieautoryzowane u\u017cycie tych zasob\u00f3w, w tym ich kopiowanie czy rozpowszechnianie, jest surowo zakazane i podlega sankcjom prawnym. 2. Ochrona [&hellip;]\" \/>\n<meta property=\"og:url\" content=\"https:\/\/forum-mechaniczne.pl\/portal\/disclaimer\/\" \/>\n<meta property=\"og:site_name\" content=\"Portal mechaniczny - samochody, nowo\u015bci, mechanika pojazdowa\" \/>\n<meta property=\"article:modified_time\" content=\"2025-06-11T10:58:12+00:00\" \/>\n<meta name=\"twitter:card\" content=\"summary_large_image\" \/>\n<meta name=\"twitter:label1\" content=\"Szacowany czas czytania\" \/>\n\t<meta name=\"twitter:data1\" content=\"2 minuty\" \/>\n<script type=\"application\/ld+json\" class=\"yoast-schema-graph\">{\"@context\":\"https:\\\/\\\/schema.org\",\"@graph\":[{\"@type\":\"WebPage\",\"@id\":\"https:\\\/\\\/forum-mechaniczne.pl\\\/portal\\\/disclaimer\\\/\",\"url\":\"https:\\\/\\\/forum-mechaniczne.pl\\\/portal\\\/disclaimer\\\/\",\"name\":\"Disclaimer - Portal mechaniczny - samochody, nowo\u015bci, mechanika pojazdowa\",\"isPartOf\":{\"@id\":\"https:\\\/\\\/forum-mechaniczne.pl\\\/portal\\\/#website\"},\"datePublished\":\"2024-04-16T08:53:21+00:00\",\"dateModified\":\"2025-06-11T10:58:12+00:00\",\"inLanguage\":\"pl-PL\",\"potentialAction\":[{\"@type\":\"ReadAction\",\"target\":[\"https:\\\/\\\/forum-mechaniczne.pl\\\/portal\\\/disclaimer\\\/\"]}]},{\"@type\":\"WebSite\",\"@id\":\"https:\\\/\\\/forum-mechaniczne.pl\\\/portal\\\/#website\",\"url\":\"https:\\\/\\\/forum-mechaniczne.pl\\\/portal\\\/\",\"name\":\"Portal mechaniczny - samochody, nowo\u015bci, mechanika pojazdowa\",\"description\":\"Serdecznie zaprsazamy na nasz portal po\u015bwi\u0119cony mechanice samochodowej oraz motoryzacji i nasze forum: forum-mechaniczne.pl\",\"potentialAction\":[{\"@type\":\"SearchAction\",\"target\":{\"@type\":\"EntryPoint\",\"urlTemplate\":\"https:\\\/\\\/forum-mechaniczne.pl\\\/portal\\\/?s={search_term_string}\"},\"query-input\":{\"@type\":\"PropertyValueSpecification\",\"valueRequired\":true,\"valueName\":\"search_term_string\"}}],\"inLanguage\":\"pl-PL\"}]}<\/script>\n<!-- \/ Yoast SEO plugin. -->","yoast_head_json":{"title":"Disclaimer - Portal mechaniczny - samochody, nowo\u015bci, mechanika pojazdowa","robots":{"index":"index","follow":"follow","max-snippet":"max-snippet:-1","max-image-preview":"max-image-preview:large","max-video-preview":"max-video-preview:-1"},"canonical":"https:\/\/forum-mechaniczne.pl\/portal\/disclaimer\/","og_locale":"pl_PL","og_type":"article","og_title":"Disclaimer - Portal mechaniczny - samochody, nowo\u015bci, mechanika pojazdowa","og_description":"1. Ochrona materia\u0142\u00f3w autorskich Wszystkie materia\u0142y zamieszczone na stronie, w tym bez ogranicze\u0144 obrazy, teksty, ikony, animacje i pliki audio, s\u0105 prawnie chronione na mocy przepis\u00f3w o prawie autorskim, kt\u00f3re przys\u0142uguj\u0105 administracji Forum-Mechanicznego lub ich licencjodawcom. Nieautoryzowane u\u017cycie tych zasob\u00f3w, w tym ich kopiowanie czy rozpowszechnianie, jest surowo zakazane i podlega sankcjom prawnym. 2. Ochrona [&hellip;]","og_url":"https:\/\/forum-mechaniczne.pl\/portal\/disclaimer\/","og_site_name":"Portal mechaniczny - samochody, nowo\u015bci, mechanika pojazdowa","article_modified_time":"2025-06-11T10:58:12+00:00","twitter_card":"summary_large_image","twitter_misc":{"Szacowany czas czytania":"2 minuty"},"schema":{"@context":"https:\/\/schema.org","@graph":[{"@type":"WebPage","@id":"https:\/\/forum-mechaniczne.pl\/portal\/disclaimer\/","url":"https:\/\/forum-mechaniczne.pl\/portal\/disclaimer\/","name":"Disclaimer - Portal mechaniczny - samochody, nowo\u015bci, mechanika pojazdowa","isPartOf":{"@id":"https:\/\/forum-mechaniczne.pl\/portal\/#website"},"datePublished":"2024-04-16T08:53:21+00:00","dateModified":"2025-06-11T10:58:12+00:00","inLanguage":"pl-PL","potentialAction":[{"@type":"ReadAction","target":["https:\/\/forum-mechaniczne.pl\/portal\/disclaimer\/"]}]},{"@type":"WebSite","@id":"https:\/\/forum-mechaniczne.pl\/portal\/#website","url":"https:\/\/forum-mechaniczne.pl\/portal\/","name":"Portal mechaniczny - samochody, nowo\u015bci, mechanika pojazdowa","description":"Serdecznie zaprsazamy na nasz portal po\u015bwi\u0119cony mechanice samochodowej oraz motoryzacji i nasze forum: forum-mechaniczne.pl","potentialAction":[{"@type":"SearchAction","target":{"@type":"EntryPoint","urlTemplate":"https:\/\/forum-mechaniczne.pl\/portal\/?s={search_term_string}"},"query-input":{"@type":"PropertyValueSpecification","valueRequired":true,"valueName":"search_term_string"}}],"inLanguage":"pl-PL"}]}},"_links":{"self":[{"href":"https:\/\/forum-mechaniczne.pl\/portal\/wp-json\/wp\/v2\/pages\/3138","targetHints":{"allow":["GET"]}}],"collection":[{"href":"https:\/\/forum-mechaniczne.pl\/portal\/wp-json\/wp\/v2\/pages"}],"about":[{"href":"https:\/\/forum-mechaniczne.pl\/portal\/wp-json\/wp\/v2\/types\/page"}],"author":[{"embeddable":true,"href":"https:\/\/forum-mechaniczne.pl\/portal\/wp-json\/wp\/v2\/users\/6"}],"replies":[{"embeddable":true,"href":"https:\/\/forum-mechaniczne.pl\/portal\/wp-json\/wp\/v2\/comments?post=3138"}],"version-history":[{"count":2,"href":"https:\/\/forum-mechaniczne.pl\/portal\/wp-json\/wp\/v2\/pages\/3138\/revisions"}],"predecessor-version":[{"id":3847,"href":"https:\/\/forum-mechaniczne.pl\/portal\/wp-json\/wp\/v2\/pages\/3138\/revisions\/3847"}],"wp:attachment":[{"href":"https:\/\/forum-mechaniczne.pl\/portal\/wp-json\/wp\/v2\/media?parent=3138"}],"curies":[{"name":"wp","href":"https:\/\/api.w.org\/{rel}","templated":true}]}}